{"id":216,"date":"2024-07-10T11:08:57","date_gmt":"2024-07-10T09:08:57","guid":{"rendered":"https:\/\/2024.crtt.net\/imagerie-medicale\/?page_id=216"},"modified":"2024-09-10T16:17:20","modified_gmt":"2024-09-10T14:17:20","slug":"reunions-de-rcp","status":"publish","type":"page","link":"https:\/\/crtt.net\/imagerie-medicale\/presentation-du-crtt\/reunions-de-rcp\/","title":{"rendered":"R\u00e9unions de RCP"},"content":{"rendered":"\t\t<div data-elementor-type=\"wp-page\" data-elementor-id=\"216\" class=\"elementor elementor-216\" data-elementor-post-type=\"page\">\n\t\t\t\t<div class=\"elementor-element elementor-element-97518d2 e-con-full e-flex e-con e-parent\" data-id=\"97518d2\" data-element_type=\"container\">\n\t\t<div class=\"elementor-element elementor-element-a4d0d67 e-con-full e-flex e-con e-child\" data-id=\"a4d0d67\" data-element_type=\"container\">\n\t\t\t\t<div class=\"elementor-element elementor-element-2ae61b0 elementor-widget elementor-widget-heading\" data-id=\"2ae61b0\" data-element_type=\"widget\" data-widget_type=\"heading.default\">\n\t\t\t\t<div class=\"elementor-widget-container\">\n\t\t\t\t\t<h2 class=\"elementor-heading-title elementor-size-default\">R\u00e9unions de RCP<\/h2>\t\t\t\t<\/div>\n\t\t\t\t<\/div>\n\t\t\t\t<div class=\"elementor-element elementor-element-be1b1c6 elementor-widget__width-initial elementor-widget elementor-widget-text-editor\" data-id=\"be1b1c6\" data-element_type=\"widget\" data-widget_type=\"text-editor.default\">\n\t\t\t\t<div class=\"elementor-widget-container\">\n\t\t\t\t\t\t\t\t\t<p><strong>Les radiologues du CRTT participent aux r\u00e9unions de concertation pluridisciplinaire (RCP) en canc\u00e9rologie<\/strong><\/p><p>Il s\u2019agit de r\u00e9unions, hebdomadaires ou mensuelles en fonction des besoins, pendant lesquelles les participants pr\u00e9sentent les dossiers des patients porteurs d\u2019une pathologie tumorale, en vue d\u2019une d\u00e9cision coll\u00e9giale d\u2019investigations compl\u00e9mentaires ou de traitements \u00e0 mettre en route.<\/p><p>Au del\u00e0 de la d\u00e9cision coll\u00e9giale, le m\u00e9decin qui prend en charge le patient pour une investigation ou un traitement reste pleinement responsable du geste qu\u2019il r\u00e9alise.<\/p><p>Y participent :<\/p><ul><li>des oncologues<\/li><li>des chirurgiens<\/li><li>des sp\u00e9cialistes d\u2019organes (gastroent\u00e9rologues, pneumologues, gyn\u00e9cologues,etc.)<\/li><li>des radiologues<\/li><li>des anatomopathologistes<\/li><\/ul><p>Ces r\u00e9unions sont\u00a0<strong>aussi ouvertes aux m\u00e9decins g\u00e9n\u00e9ralistes<\/strong>.<\/p><p>Elles existent au CRTT de Meudon-La-For\u00eat depuis 1990, au CRTT de Versailles depuis 2004.<\/p><p>Chaque m\u00e9decin peut venir pr\u00e9senter le dossier de l\u2019un de ses patients.<\/p><h3><strong>RCP CRTT Versailles : \u2028<\/strong><\/h3><ul><li>les 1<sup>er<\/sup>\u00a0et 3<sup>e<\/sup>\u00a0lundi de chaque mois de 20h00 \u00e0 23h00 pour la pathologie digestive<\/li><li>le 2<sup>e<\/sup>\u00a0lundi du mois pour la gyn\u00e9cologie<\/li><li>le\u00a01<sup>er<\/sup>\u00a0et 3<sup>e<\/sup>\u00a0mardi de chaque mois de 20h00 \u00e0 23h00 pour l\u2019urologie<\/li><\/ul><p>\u00a0<\/p><p><strong>A la clinique des Franciscaines.<\/strong><\/p>\t\t\t\t\t\t\t\t<\/div>\n\t\t\t\t<\/div>\n\t\t\t\t<\/div>\n\t\t<div class=\"elementor-element elementor-element-096c544 e-con-full e-flex e-con e-child\" data-id=\"096c544\" data-element_type=\"container\" data-settings=\"{&quot;background_background&quot;:&quot;classic&quot;}\">\n\t\t\t\t<\/div>\n\t\t\t\t<\/div>\n\t\t\t\t<\/div>\n\t\t","protected":false},"excerpt":{"rendered":"<p>R\u00e9unions de RCP Les radiologues du CRTT participent aux r\u00e9unions de concertation pluridisciplinaire (RCP) en canc\u00e9rologie Il s\u2019agit de r\u00e9unions, hebdomadaires ou mensuelles en fonction des besoins, pendant lesquelles les participants pr\u00e9sentent les dossiers des patients porteurs d\u2019une pathologie tumorale, en vue d\u2019une d\u00e9cision coll\u00e9giale d\u2019investigations compl\u00e9mentaires ou de traitements \u00e0 mettre en route. Au [&hellip;]<\/p>\n","protected":false},"author":1,"featured_media":0,"parent":206,"menu_order":0,"comment_status":"closed","ping_status":"closed","template":"","meta":{"footnotes":""},"class_list":["post-216","page","type-page","status-publish","hentry"],"_links":{"self":[{"href":"https:\/\/crtt.net\/imagerie-medicale\/wp-json\/wp\/v2\/pages\/216","targetHints":{"allow":["GET"]}}],"collection":[{"href":"https:\/\/crtt.net\/imagerie-medicale\/wp-json\/wp\/v2\/pages"}],"about":[{"href":"https:\/\/crtt.net\/imagerie-medicale\/wp-json\/wp\/v2\/types\/page"}],"author":[{"embeddable":true,"href":"https:\/\/crtt.net\/imagerie-medicale\/wp-json\/wp\/v2\/users\/1"}],"replies":[{"embeddable":true,"href":"https:\/\/crtt.net\/imagerie-medicale\/wp-json\/wp\/v2\/comments?post=216"}],"version-history":[{"count":13,"href":"https:\/\/crtt.net\/imagerie-medicale\/wp-json\/wp\/v2\/pages\/216\/revisions"}],"predecessor-version":[{"id":556,"href":"https:\/\/crtt.net\/imagerie-medicale\/wp-json\/wp\/v2\/pages\/216\/revisions\/556"}],"up":[{"embeddable":true,"href":"https:\/\/crtt.net\/imagerie-medicale\/wp-json\/wp\/v2\/pages\/206"}],"wp:attachment":[{"href":"https:\/\/crtt.net\/imagerie-medicale\/wp-json\/wp\/v2\/media?parent=216"}],"curies":[{"name":"wp","href":"https:\/\/api.w.org\/{rel}","templated":true}]}}

Réunions de RCP

<div data-elementor-type="wp-page" data-elementor-id="216" class="elementor elementor-216" data-elementor-post-type="page">
				<div class="elementor-element elementor-element-97518d2 e-con-full e-flex e-con e-parent" data-id="97518d2" data-element_type="container">
		<div class="elementor-element elementor-element-a4d0d67 e-con-full e-flex e-con e-child" data-id="a4d0d67" data-element_type="container">
				<div class="elementor-element elementor-element-2ae61b0 elementor-widget elementor-widget-heading" data-id="2ae61b0" data-element_type="widget" data-widget_type="heading.default">
				<div class="elementor-widget-container">
					<h2 class="elementor-heading-title elementor-size-default">Réunions de RCP</h2>				</div>
				</div>
				<div class="elementor-element elementor-element-be1b1c6 elementor-widget__width-initial elementor-widget elementor-widget-text-editor" data-id="be1b1c6" data-element_type="widget" data-widget_type="text-editor.default">
				<div class="elementor-widget-container">
									<p><strong>Les radiologues du CRTT participent aux réunions de concertation pluridisciplinaire (RCP) en cancérologie</strong></p><p>Il s’agit de réunions, hebdomadaires ou mensuelles en fonction des besoins, pendant lesquelles les participants présentent les dossiers des patients porteurs d’une pathologie tumorale, en vue d’une décision collégiale d’investigations complémentaires ou de traitements à mettre en route.</p><p>Au delà de la décision collégiale, le médecin qui prend en charge le patient pour une investigation ou un traitement reste pleinement responsable du geste qu’il réalise.</p><p>Y participent :</p><ul><li>des oncologues</li><li>des chirurgiens</li><li>des spécialistes d’organes (gastroentérologues, pneumologues, gynécologues,etc.)</li><li>des radiologues</li><li>des anatomopathologistes</li></ul><p>Ces réunions sont <strong>aussi ouvertes aux médecins généralistes</strong>.</p><p>Elles existent au CRTT de Meudon-La-Forêt depuis 1990, au CRTT de Versailles depuis 2004.</p><p>Chaque médecin peut venir présenter le dossier de l’un de ses patients.</p><h3><strong>RCP CRTT Versailles :  </strong></h3><ul><li>les 1<sup>er</sup> et 3<sup>e</sup> lundi de chaque mois de 20h00 à 23h00 pour la pathologie digestive</li><li>le 2<sup>e</sup> lundi du mois pour la gynécologie</li><li>le 1<sup>er</sup> et 3<sup>e</sup> mardi de chaque mois de 20h00 à 23h00 pour l’urologie</li></ul><p> </p><p><strong>A la clinique des Franciscaines.</strong></p>								</div>
				</div>
				</div>
		<div class="elementor-element elementor-element-096c544 e-con-full e-flex e-con e-child" data-id="096c544" data-element_type="container" data-settings="{&quot;background_background&quot;:&quot;classic&quot;}">
				</div>
				</div>
				</div>

<p>Réunions de RCP Les radiologues du CRTT participent aux réunions de concertation pluridisciplinaire (RCP) en cancérologie Il s’agit de réunions, hebdomadaires ou mensuelles en fonction des besoins, pendant lesquelles les participants présentent les dossiers des patients porteurs d’une pathologie tumorale, en vue d’une décision collégiale d’investigations complémentaires ou de traitements à mettre en route. Au [&hellip;]</p>
