{"id":589,"date":"2012-08-29T07:01:21","date_gmt":"2012-08-29T07:01:21","guid":{"rendered":"http:\/\/michelongas.com\/?p=589"},"modified":"2012-08-29T07:01:21","modified_gmt":"2012-08-29T07:01:21","slug":"jai-des-polypes-intestinaux-quelle-surveillance-2","status":"publish","type":"page","link":"https:\/\/crtt.net\/cancerologie\/faq\/jai-des-polypes-intestinaux-quelle-surveillance-2\/","title":{"rendered":"J&rsquo;ai des polypes intestinaux : quelle surveillance ?"},"content":{"rendered":"<p><strong>Les polypes sont des formations muqueuses b\u00e9nignes. Ils peuvent en quelques ann\u00e9es \u00e9voluer vers une forme\u00a0canc\u00e9reuse.<\/strong><\/p>\n<h3>Qu\u2019est-ce qu\u2019un polype ?<\/h3>\n<p>Un polype est une tumeur b\u00e9nigne qui se d\u00e9veloppe sur les muqueuses.<br \/>On parle de polypes intestinaux quand ils se d\u00e9veloppent sur les muqueuses intestinales, c&rsquo;est-\u00e0-dire sur la paroi de l\u2019intestin.<\/p>\n<h3>Quelle est la taille d\u2019un polype ?<\/h3>\n<p>La taille d\u2019un polype est tr\u00e8s variable et peut aller de quelques millim\u00e8tres (tr\u00e8s fr\u00e9quent) \u00e0 quelques centim\u00e8tres (plus rare).<\/p>\n<h3>Comment un polype peut-il \u00e9voluer ?<\/h3>\n<p>En moyenne, on estime qu\u2019un polype met cinq ans environ pour passer d\u2019une forme b\u00e9nigne \u00e0 une forme canc\u00e9reuse et \u00eatre ainsi \u00e0\u00a0l\u2019origine d\u2019un cancer au niveau du c\u00f4lon.<br \/>En fonction de leur taille ou de leur aspect, certains polypes sont plus \u00e0 risque que d\u2019autres. Parfois, l\u2019\u00e9volution peut se faire en\u00a0seulement quelques mois.<\/p>\n<h3>Certains signes peuvent-ils m\u2019alerter sur la pr\u00e9sence d\u2019un polype ?<\/h3>\n<p>Oui. M\u00eame si g\u00e9n\u00e9ralement leur pr\u00e9sence ne s\u2019accompagne d\u2019aucun sympt\u00f4me, parfois des saignements dans les selles, des\u00a0douleurs au niveau du rectum ou la pr\u00e9sence de glaires dans les selles peuvent en r\u00e9v\u00e9ler l\u2019existence.<br \/>C\u2019est la raison pour laquelle le minist\u00e8re de la Sant\u00e9 a engag\u00e9 un programme de d\u00e9pistage.<\/p>\n<h3>Comment confirmer le diagnostic ?<\/h3>\n<p>G\u00e9n\u00e9ralement par un examen endoscopique : par rectoscopie ou par coloscopie, qui consiste \u00e0 introduire par l\u2019anus un endoscope\u00a0(fibre optique) qui permet de visualiser, \u00e0 l\u2019aide d\u2019une petite cam\u00e9ra, la muqueuse et les polypes qui peuvent s\u2019y d\u00e9velopper.<br \/>Une biopsie du polype (petit pr\u00e9l\u00e8vement de tissu) pourra confirmer ou infirmer son caract\u00e8re b\u00e9nin.Cet examen est effectu\u00e9 le plus\u00a0souvent sous anesth\u00e9sie locale ou g\u00e9n\u00e9rale. Votre m\u00e9decin vous informera des pr\u00e9cautions et des risques \u00e9ventuels li\u00e9s \u00e0 \u00a0l\u2019anesth\u00e9sie. Un formulaire d\u2019information vous sera remis.<\/p>\n<h3>Cet examen pr\u00e9sente-t-il des risques ?<\/h3>\n<p>L\u2019introduction de l\u2019appareil d\u2019endoscopie n\u2019est pas agr\u00e9able et peut provoquer des douleurs si cela n\u2019est pas effectu\u00e9 sous\u00a0anesth\u00e9sie.<br \/>En cas d\u2019anesth\u00e9sie g\u00e9n\u00e9rale, la pose d\u2019une perfusion est semblable \u00e0 une prise de sang.\u00a0Les risques li\u00e9s \u00e0 l&rsquo;anesth\u00e9sie g\u00e9n\u00e9rale\u00a0sont abord\u00e9s lors d\u2019une consultation pr\u00e9-anesth\u00e9sique.\u00a0Une surveillance m\u00e9dicale est assur\u00e9e jusqu\u2019\u00e0 ce que l\u2019effet de l\u2019anesth\u00e9sie\u00a0disparaisse.\u00a0Au cours de l\u2019examen, le pr\u00e9l\u00e8vement d\u2019un polype ou d\u2019un fragment de tissu en vue d\u2019une biopsie est indolore.\u00a0Il peut toutefois\u00a0entra\u00eener une irritation de la paroi de l\u2019intestin ou une h\u00e9morragie locale sans gravit\u00e9.<\/p>\n<h3>Lorsqu\u2019un polype est d\u00e9couvert, comment le surveiller ?<\/h3>\n<p>La surveillance se fera essentiellement par coloscopie pour surveiller l\u2019\u00e9volution vers une forme maligne. \u00a0Le rythme des coloscopies sera modul\u00e9 selon la nature et la taille de votre polype.\u00a0Il est important de respecter les consignes\u00a0donn\u00e9es par votre m\u00e9decin.<\/p>\n<h3>A quoi sert d\u2019enlever un polype b\u00e9nin ?<\/h3>\n<p>Il a \u00e9t\u00e9 d\u00e9montr\u00e9 que d\u2019enlever syst\u00e9matiquement les polypes pouvait r\u00e9duire le risque d\u2019\u00e9volution vers le cancer colorectal.<br \/>L\u2019ablation syst\u00e9matique des polypes d\u00e8s l\u2019\u00e2ge de 45 ans pourrait \u00e9viter 80 % des cancers colorectaux.\u00a0L\u2019ablation peut se faire durant\u00a0l\u2019examen coloscopique.\u00a0Le minist\u00e8re de la Sant\u00e9 a engag\u00e9 un programme national de d\u00e9pistage du cancer colorectal (appel\u00e9 aussi cancer de l&rsquo;intestin).\u00a0Ce\u00a0d\u00e9pistage est organis\u00e9 en lien avec le m\u00e9decin traitant. Si vous n&rsquo;avez pas de facteurs de risque, \u00e0 partir de 50 ans, le test simple\u00a0permet de d\u00e9tecter dans les selles des traces de sang invisibles \u00e0 l\u2019oeil nu.<\/p>\n<hr \/>\n<p>Article S\u00e9lectionn\u00e9\u00a0pour vous \u00a0par les\u00a0docteurs\u00a0<strong>Erick Chirat,\u00a0Laurence Vitu-Loas et \u00a0Anne Thiellet<\/strong><\/p>\n<p><strong>Informations sur le document<\/strong><\/p>\n<p><img decoding=\"async\" src=\"\/cancerologie\/wp-content\/uploads\/sites\/3\/2024\/09\/docvitae.png\" alt=\"\" width=\"150px\" height=\"50px\" \/><\/p>\n<p>Docvitae\u00ae est une marque d\u00e9pos\u00e9e de Merck &amp; Corp., filiale de Merck &amp; Co., Inc., Whitehouse Station, NJ, USA.<\/p>\n","protected":false},"excerpt":{"rendered":"<p>Les polypes sont des formations muqueuses b\u00e9nignes. Ils peuvent en quelques ann\u00e9es \u00e9voluer vers une forme\u00a0canc\u00e9reuse. Qu\u2019est-ce qu\u2019un polype ? Un polype est une tumeur b\u00e9nigne qui se d\u00e9veloppe sur les muqueuses.On parle de polypes intestinaux quand ils se d\u00e9veloppent sur les muqueuses intestinales, c&rsquo;est-\u00e0-dire sur la paroi de l\u2019intestin. Quelle est la taille d\u2019un [&hellip;]<\/p>\n","protected":false},"author":1,"featured_media":0,"parent":55,"menu_order":0,"comment_status":"closed","ping_status":"open","template":"","meta":{"footnotes":""},"class_list":["post-589","page","type-page","status-publish","hentry"],"_links":{"self":[{"href":"https:\/\/crtt.net\/cancerologie\/wp-json\/wp\/v2\/pages\/589","targetHints":{"allow":["GET"]}}],"collection":[{"href":"https:\/\/crtt.net\/cancerologie\/wp-json\/wp\/v2\/pages"}],"about":[{"href":"https:\/\/crtt.net\/cancerologie\/wp-json\/wp\/v2\/types\/page"}],"author":[{"embeddable":true,"href":"https:\/\/crtt.net\/cancerologie\/wp-json\/wp\/v2\/users\/1"}],"replies":[{"embeddable":true,"href":"https:\/\/crtt.net\/cancerologie\/wp-json\/wp\/v2\/comments?post=589"}],"version-history":[{"count":0,"href":"https:\/\/crtt.net\/cancerologie\/wp-json\/wp\/v2\/pages\/589\/revisions"}],"up":[{"embeddable":true,"href":"https:\/\/crtt.net\/cancerologie\/wp-json\/wp\/v2\/pages\/55"}],"wp:attachment":[{"href":"https:\/\/crtt.net\/cancerologie\/wp-json\/wp\/v2\/media?parent=589"}],"curies":[{"name":"wp","href":"https:\/\/api.w.org\/{rel}","templated":true}]}}