{"id":45,"date":"2016-12-20T15:28:36","date_gmt":"2016-12-20T14:28:36","guid":{"rendered":"http:\/\/mg.crtt.net\/cancerologie\/?page_id=45"},"modified":"2024-09-13T12:24:41","modified_gmt":"2024-09-13T10:24:41","slug":"chimiotherapie","status":"publish","type":"page","link":"https:\/\/crtt.net\/cancerologie\/chimiotherapie\/","title":{"rendered":"Chimioth\u00e9rapie"},"content":{"rendered":"\t\t<div data-elementor-type=\"wp-page\" data-elementor-id=\"45\" class=\"elementor elementor-45\" data-elementor-post-type=\"page\">\n\t\t\t\t<div class=\"elementor-element elementor-element-c9737c4 e-con-full e-flex e-con e-parent\" data-id=\"c9737c4\" data-element_type=\"container\" data-settings=\"{&quot;background_background&quot;:&quot;classic&quot;}\">\n\t\t\t\t<\/div>\n\t\t<div class=\"elementor-element elementor-element-8502167 e-con-full e-flex e-con e-parent\" data-id=\"8502167\" data-element_type=\"container\" data-settings=\"{&quot;background_background&quot;:&quot;classic&quot;}\">\n\t\t<div class=\"elementor-element elementor-element-5fd354c e-con-full e-flex e-con e-child\" data-id=\"5fd354c\" data-element_type=\"container\">\n\t\t\t\t<div class=\"elementor-element elementor-element-b9e2aec elementor-widget elementor-widget-heading\" data-id=\"b9e2aec\" data-element_type=\"widget\" data-widget_type=\"heading.default\">\n\t\t\t\t<div class=\"elementor-widget-container\">\n\t\t\t\t\t<h1 class=\"elementor-heading-title elementor-size-default\">Informations sur la Chimioth\u00e9rapie<\/h1>\t\t\t\t<\/div>\n\t\t\t\t<\/div>\n\t\t\t\t<div class=\"elementor-element elementor-element-c418724 elementor-widget elementor-widget-text-editor\" data-id=\"c418724\" data-element_type=\"widget\" data-widget_type=\"text-editor.default\">\n\t\t\t\t<div class=\"elementor-widget-container\">\n\t\t\t\t\t\t\t\t\t<p><strong>Les s\u00e9ances de chimioth\u00e9rapie ont lieu \u00e0 la clinique de Meudon<\/strong><\/p>\t\t\t\t\t\t\t\t<\/div>\n\t\t\t\t<\/div>\n\t\t\t\t<div class=\"elementor-element elementor-element-1314c31 elementor-widget elementor-widget-n-accordion\" data-id=\"1314c31\" data-element_type=\"widget\" data-settings=\"{&quot;max_items_expended&quot;:&quot;multiple&quot;,&quot;default_state&quot;:&quot;expanded&quot;,&quot;n_accordion_animation_duration&quot;:{&quot;unit&quot;:&quot;ms&quot;,&quot;size&quot;:400,&quot;sizes&quot;:[]}}\" data-widget_type=\"nested-accordion.default\">\n\t\t\t\t<div class=\"elementor-widget-container\">\n\t\t\t\t\t\t\t<div class=\"e-n-accordion\" aria-label=\"Accordion. Open links with Enter or Space, close with Escape, and navigate with Arrow Keys\">\n\t\t\t\t\t\t<details id=\"e-n-accordion-item-2000\" class=\"e-n-accordion-item\" open>\n\t\t\t\t<summary class=\"e-n-accordion-item-title\" data-accordion-index=\"1\" tabindex=\"0\" aria-expanded=\"true\" aria-controls=\"e-n-accordion-item-2000\" >\n\t\t\t\t\t<span class='e-n-accordion-item-title-header'><div class=\"e-n-accordion-item-title-text\"> Qu\u2019est-ce qu\u2019une cure de chimioth\u00e9rapie ? <\/div><\/span>\n\t\t\t\t\t\t\t<span class='e-n-accordion-item-title-icon'>\n\t\t\t<span class='e-opened' ><svg aria-hidden=\"true\" class=\"e-font-icon-svg e-fas-minus\" viewBox=\"0 0 448 512\" xmlns=\"http:\/\/www.w3.org\/2000\/svg\"><path d=\"M416 208H32c-17.67 0-32 14.33-32 32v32c0 17.67 14.33 32 32 32h384c17.67 0 32-14.33 32-32v-32c0-17.67-14.33-32-32-32z\"><\/path><\/svg><\/span>\n\t\t\t<span class='e-closed'><svg aria-hidden=\"true\" class=\"e-font-icon-svg e-fas-plus\" viewBox=\"0 0 448 512\" xmlns=\"http:\/\/www.w3.org\/2000\/svg\"><path d=\"M416 208H272V64c0-17.67-14.33-32-32-32h-32c-17.67 0-32 14.33-32 32v144H32c-17.67 0-32 14.33-32 32v32c0 17.67 14.33 32 32 32h144v144c0 17.67 14.33 32 32 32h32c17.67 0 32-14.33 32-32V304h144c17.67 0 32-14.33 32-32v-32c0-17.67-14.33-32-32-32z\"><\/path><\/svg><\/span>\n\t\t<\/span>\n\n\t\t\t\t\t\t<\/summary>\n\t\t\t\t<div role=\"region\" aria-labelledby=\"e-n-accordion-item-2000\" class=\"elementor-element elementor-element-50e8b81 e-con-full e-flex e-con e-child\" data-id=\"50e8b81\" data-element_type=\"container\">\n\t\t\t\t<div class=\"elementor-element elementor-element-1260360 elementor-widget elementor-widget-text-editor\" data-id=\"1260360\" data-element_type=\"widget\" data-widget_type=\"text-editor.default\">\n\t\t\t\t<div class=\"elementor-widget-container\">\n\t\t\t\t\t\t\t\t\t<p>Un protocole de chimioth\u00e9rapie est administr\u00e9 par s\u00e9ances ou cures espac\u00e9es dans le temps, dont le nombre et la fr\u00e9quence sont variables selon votre situation m\u00e9dicale. Les s\u00e9ances de chimioth\u00e9rapie sont en g\u00e9n\u00e9ral espac\u00e9es de 1 \u00e0 4 semaines.<\/p><p>La premi\u00e8re administration de la chimioth\u00e9rapie se fait au Jour 1 (appel\u00e9 J1).<\/p><p>Par la suite, si les seances sont espac\u00e9es d&rsquo;une semaine, on parlera de J2, J8, J15, &#8230;<\/p><p>De la m\u00eame fa\u00e7on, pour une chimioth\u00e9rapie qui a lieu toutes les 3 semaines on dit : J1 = J21<\/p><p>Lorsque vous recevez plusieurs protocoles de chimioth\u00e9rapie l\u2019un apr\u00e8s l\u2019autre, votre m\u00e9decin emploiera volontiers le terme de ligne de chimioth\u00e9rapie.<\/p><p>Vous aurez une consultation avant chaque cure avec votre m\u00e9decin qui vous permettra de lui expliquer si vous avez ou non bien support\u00e9 le traitement.<\/p>\t\t\t\t\t\t\t\t<\/div>\n\t\t\t\t<\/div>\n\t\t\t\t<\/div>\n\t\t\t\t\t<\/details>\n\t\t\t\t\t\t<details id=\"e-n-accordion-item-2001\" class=\"e-n-accordion-item\" >\n\t\t\t\t<summary class=\"e-n-accordion-item-title\" data-accordion-index=\"2\" tabindex=\"-1\" aria-expanded=\"false\" aria-controls=\"e-n-accordion-item-2001\" >\n\t\t\t\t\t<span class='e-n-accordion-item-title-header'><div class=\"e-n-accordion-item-title-text\"> Comment vais-je recevoir ma cure de chimioth\u00e9rapie ? <\/div><\/span>\n\t\t\t\t\t\t\t<span class='e-n-accordion-item-title-icon'>\n\t\t\t<span class='e-opened' ><svg aria-hidden=\"true\" class=\"e-font-icon-svg e-fas-minus\" viewBox=\"0 0 448 512\" xmlns=\"http:\/\/www.w3.org\/2000\/svg\"><path d=\"M416 208H32c-17.67 0-32 14.33-32 32v32c0 17.67 14.33 32 32 32h384c17.67 0 32-14.33 32-32v-32c0-17.67-14.33-32-32-32z\"><\/path><\/svg><\/span>\n\t\t\t<span class='e-closed'><svg aria-hidden=\"true\" class=\"e-font-icon-svg e-fas-plus\" viewBox=\"0 0 448 512\" xmlns=\"http:\/\/www.w3.org\/2000\/svg\"><path d=\"M416 208H272V64c0-17.67-14.33-32-32-32h-32c-17.67 0-32 14.33-32 32v144H32c-17.67 0-32 14.33-32 32v32c0 17.67 14.33 32 32 32h144v144c0 17.67 14.33 32 32 32h32c17.67 0 32-14.33 32-32V304h144c17.67 0 32-14.33 32-32v-32c0-17.67-14.33-32-32-32z\"><\/path><\/svg><\/span>\n\t\t<\/span>\n\n\t\t\t\t\t\t<\/summary>\n\t\t\t\t<div role=\"region\" aria-labelledby=\"e-n-accordion-item-2001\" class=\"elementor-element elementor-element-8e08ed9 e-con-full e-flex e-con e-child\" data-id=\"8e08ed9\" data-element_type=\"container\">\n\t\t\t\t<div class=\"elementor-element elementor-element-268f1ee elementor-widget elementor-widget-text-editor\" data-id=\"268f1ee\" data-element_type=\"widget\" data-widget_type=\"text-editor.default\">\n\t\t\t\t<div class=\"elementor-widget-container\">\n\t\t\t\t\t\t\t\t\t<p>La chimioth\u00e9rapie se pr\u00e9sente le plus souvent sous forme de\u00a0<strong>m\u00e9dicaments qui s\u2019administrent par perfusion goutte-\u00e0-goutte dans les veines<\/strong>. La dur\u00e9e des perfusions varie de quelques minutes \u00e0 plusieurs heures. Dans certains cas, il s\u2019agit de perfusion continue sur un ou plusieurs jours qui peut \u00eatre r\u00e9alis\u00e9e \u00e0 domicile.<\/p><p>La chimioth\u00e9rapie peut aussi vous \u00eatre administr\u00e9e par voie orale.<\/p>\t\t\t\t\t\t\t\t<\/div>\n\t\t\t\t<\/div>\n\t\t\t\t<\/div>\n\t\t\t\t\t<\/details>\n\t\t\t\t\t\t<details id=\"e-n-accordion-item-2002\" class=\"e-n-accordion-item\" >\n\t\t\t\t<summary class=\"e-n-accordion-item-title\" data-accordion-index=\"3\" tabindex=\"-1\" aria-expanded=\"false\" aria-controls=\"e-n-accordion-item-2002\" >\n\t\t\t\t\t<span class='e-n-accordion-item-title-header'><div class=\"e-n-accordion-item-title-text\"> Qu\u2019est-ce qu\u2019une chambre implantable ou cath\u00e9ter veineux ? <\/div><\/span>\n\t\t\t\t\t\t\t<span class='e-n-accordion-item-title-icon'>\n\t\t\t<span class='e-opened' ><svg aria-hidden=\"true\" class=\"e-font-icon-svg e-fas-minus\" viewBox=\"0 0 448 512\" xmlns=\"http:\/\/www.w3.org\/2000\/svg\"><path d=\"M416 208H32c-17.67 0-32 14.33-32 32v32c0 17.67 14.33 32 32 32h384c17.67 0 32-14.33 32-32v-32c0-17.67-14.33-32-32-32z\"><\/path><\/svg><\/span>\n\t\t\t<span class='e-closed'><svg aria-hidden=\"true\" class=\"e-font-icon-svg e-fas-plus\" viewBox=\"0 0 448 512\" xmlns=\"http:\/\/www.w3.org\/2000\/svg\"><path d=\"M416 208H272V64c0-17.67-14.33-32-32-32h-32c-17.67 0-32 14.33-32 32v144H32c-17.67 0-32 14.33-32 32v32c0 17.67 14.33 32 32 32h144v144c0 17.67 14.33 32 32 32h32c17.67 0 32-14.33 32-32V304h144c17.67 0 32-14.33 32-32v-32c0-17.67-14.33-32-32-32z\"><\/path><\/svg><\/span>\n\t\t<\/span>\n\n\t\t\t\t\t\t<\/summary>\n\t\t\t\t<div role=\"region\" aria-labelledby=\"e-n-accordion-item-2002\" class=\"elementor-element elementor-element-e447807 e-con-full e-flex e-con e-child\" data-id=\"e447807\" data-element_type=\"container\">\n\t\t\t\t<div class=\"elementor-element elementor-element-43f92c6 elementor-widget elementor-widget-text-editor\" data-id=\"43f92c6\" data-element_type=\"widget\" data-widget_type=\"text-editor.default\">\n\t\t\t\t<div class=\"elementor-widget-container\">\n\t\t\t\t\t\t\t\t\t<p><img decoding=\"async\" class=\"aligncenter size-full wp-image-46\" src=\"\/cancerologie\/wp-content\/uploads\/sites\/3\/2016\/12\/CRTT-catheter-venineux.png\" alt=\"\" width=\"300\" height=\"89\" \/><\/p><p>Autres appellations : Cath\u00e9ter veineux, PAC (Port A Cath\u00ae), ou encore CAV (cath\u00e9ter d\u2019acc\u00e8s veineux)<\/p><p>Les m\u00e9dicaments qui s\u2019injectent par voie intraveineuse peuvent ab\u00eemer les veines de votre bras et provoquer une inflammation locale (douleur, rougeur, picotement). Certains m\u00e9dicaments peuvent \u00eatre toxiques pour les tissus lorsqu\u2019ils diffusent \u00e0 c\u00f4t\u00e9 de la veine.<\/p><p>C\u2019est pourquoi il vous sera souvent propos\u00e9 la pose d\u2019une chambre implantable.<\/p><p><strong>Gr\u00e2ce \u00e0 la chambre implantable, votre confort est am\u00e9lior\u00e9 et la chimioth\u00e9rapie est administr\u00e9e en toute s\u00e9curit\u00e9.<\/strong><\/p><p><strong>Une chambre implantable est compos\u00e9e<\/strong> :<\/p><ul><li>D\u2019un petit bo\u00eetier d\u2019environ 2 centim\u00e8tres de diam\u00e8tre recouvert par une membrane souple<\/li><li>D\u2019un cath\u00e9ter (tuyau fin et souple) reli\u00e9 d\u2019un c\u00f4t\u00e9 au bo\u00eetier<\/li><\/ul><p><strong>Comment fonctionne la chambre implantable ?<\/strong><\/p><p>A chaque s\u00e9ance de chimioth\u00e9rapie, l\u2019infirmi\u00e8re pourra piquer facilement dans le bo\u00eetier \u00e0 travers la peau. Ce geste n\u2019est pas douloureux mais en cas d\u2019inconfort vous pouvez demander \u00e0 votre m\u00e9decin de vous prescrire un patch anesth\u00e9siant que vous poserez sur la peau au niveau du bo\u00eetier 1 heure avant la perfusion.<\/p><p>Lorsque le traitement est termin\u00e9, l\u2019aiguille est retir\u00e9 et un pansement est pos\u00e9 au niveau de la peau et doit \u00eatre gard\u00e9 au maximum 24 heures.<\/p><p><strong>O\u00f9 est plac\u00e9e la chambre implantable ?<\/strong><\/p><p>La pose de la chambre implantable est un geste st\u00e9rile r\u00e9alis\u00e9 au bloc op\u00e9ratoire sous anesth\u00e9sie locale. Sa dur\u00e9e ne d\u00e9passant pas g\u00e9n\u00e9ralement 30 min, elle ne n\u00e9cessite pas d\u2019hospitalisation.<\/p><p>Le r\u00e9servoir est implant\u00e9 juste sous la peau et l\u2019extr\u00e9mit\u00e9 du cath\u00e9ter est ins\u00e9r\u00e9e dans un gros vaisseau sanguin.<\/p><p>La chambre implantable est g\u00e9n\u00e9ralement implant\u00e9e dans la r\u00e9gion du thorax, le plus souvent \u00e0 droite sauf dans certains cas bien pr\u00e9cis.<\/p><p><strong>Avant la pose de la chambre implantable, vous devez absolument dire au m\u00e9decin :<\/strong><\/p><ul><li>Si vous \u00eates allergique \u00e0 un produit anesth\u00e9sique ou \u00e0 l\u2019iode<\/li><li>Si vous prenez un traitement anti-coagulant ou de l\u2019aspirine<\/li><\/ul><p>\u00a0<\/p><p><a href=\"https:\/\/crtt.net\/cancerologie\/chimiotherapie\/chimiotherapie-chambre-implantable\/\">En savoir plus sur la chambre implantable<\/a><\/p>\t\t\t\t\t\t\t\t<\/div>\n\t\t\t\t<\/div>\n\t\t\t\t<\/div>\n\t\t\t\t\t<\/details>\n\t\t\t\t\t\t<details id=\"e-n-accordion-item-2003\" class=\"e-n-accordion-item\" >\n\t\t\t\t<summary class=\"e-n-accordion-item-title\" data-accordion-index=\"4\" tabindex=\"-1\" aria-expanded=\"false\" aria-controls=\"e-n-accordion-item-2003\" >\n\t\t\t\t\t<span class='e-n-accordion-item-title-header'><div class=\"e-n-accordion-item-title-text\"> Les effets secondaires <\/div><\/span>\n\t\t\t\t\t\t\t<span class='e-n-accordion-item-title-icon'>\n\t\t\t<span class='e-opened' ><svg aria-hidden=\"true\" class=\"e-font-icon-svg e-fas-minus\" viewBox=\"0 0 448 512\" xmlns=\"http:\/\/www.w3.org\/2000\/svg\"><path d=\"M416 208H32c-17.67 0-32 14.33-32 32v32c0 17.67 14.33 32 32 32h384c17.67 0 32-14.33 32-32v-32c0-17.67-14.33-32-32-32z\"><\/path><\/svg><\/span>\n\t\t\t<span class='e-closed'><svg aria-hidden=\"true\" class=\"e-font-icon-svg e-fas-plus\" viewBox=\"0 0 448 512\" xmlns=\"http:\/\/www.w3.org\/2000\/svg\"><path d=\"M416 208H272V64c0-17.67-14.33-32-32-32h-32c-17.67 0-32 14.33-32 32v144H32c-17.67 0-32 14.33-32 32v32c0 17.67 14.33 32 32 32h144v144c0 17.67 14.33 32 32 32h32c17.67 0 32-14.33 32-32V304h144c17.67 0 32-14.33 32-32v-32c0-17.67-14.33-32-32-32z\"><\/path><\/svg><\/span>\n\t\t<\/span>\n\n\t\t\t\t\t\t<\/summary>\n\t\t\t\t<div role=\"region\" aria-labelledby=\"e-n-accordion-item-2003\" class=\"elementor-element elementor-element-a75ca18 e-flex e-con-boxed e-con e-child\" data-id=\"a75ca18\" data-element_type=\"container\">\n\t\t\t\t\t<div class=\"e-con-inner\">\n\t\t\t\t<div class=\"elementor-element elementor-element-30d48e3 elementor-widget elementor-widget-text-editor\" data-id=\"30d48e3\" data-element_type=\"widget\" data-widget_type=\"text-editor.default\">\n\t\t\t\t<div class=\"elementor-widget-container\">\n\t\t\t\t\t\t\t\t\t<p>Les effets secondaires de la chimioth\u00e9rapie sont tr\u00e8s variables puisqu\u2019ils d\u00e9pendent essentiellement du type de chimioth\u00e9rapie administr\u00e9e, et pour une m\u00eame chimioth\u00e9rapie, peuvent \u00eatre assez variables en fonction des patients.<\/p><p><a href=\"https:\/\/www.e-cancer.fr\/Patients-et-proches\/Les-cancers\/Cancer-de-l-endometre\/Chimiotherapie\/Les-effets-secondaires\" target=\"_blank\" rel=\"noopener\">Le site e-cancer.fr <\/a>fournit de tr\u00e8s bonnes fiches r\u00e9sum\u00e9es des effets secondaires possibles en fonction des diff\u00e9rentes chimioth\u00e9rapies employ\u00e9es.<\/p>\t\t\t\t\t\t\t\t<\/div>\n\t\t\t\t<\/div>\n\t\t\t\t\t<\/div>\n\t\t\t\t<\/div>\n\t\t\t\t\t<\/details>\n\t\t\t\t\t<\/div>\n\t\t\t\t\t<script type=\"application\/ld+json\">{\"@context\":\"https:\\\/\\\/schema.org\",\"@type\":\"FAQPage\",\"mainEntity\":[{\"@type\":\"Question\",\"name\":\"Qu\\u2019est-ce qu\\u2019une cure de chimioth\\u00e9rapie ?\",\"acceptedAnswer\":{\"@type\":\"Answer\",\"text\":\"Un protocole de chimioth\\u00e9rapie est administr\\u00e9 par s\\u00e9ances ou cures espac\\u00e9es dans le temps, dont le nombre et la fr\\u00e9quence sont variables selon votre situation m\\u00e9dicale. Les s\\u00e9ances de chimioth\\u00e9rapie sont en g\\u00e9n\\u00e9ral espac\\u00e9es de 1 \\u00e0 4 semaines.La premi\\u00e8re administration de la chimioth\\u00e9rapie se fait au Jour 1 (appel\\u00e9 J1).Par la suite, si les seances sont espac\\u00e9es d&rsquo;une semaine, on parlera de J2, J8, J15, &#8230;De la m\\u00eame fa\\u00e7on, pour une chimioth\\u00e9rapie qui a lieu toutes les 3 semaines on dit : J1 = J21Lorsque vous recevez plusieurs protocoles de chimioth\\u00e9rapie l\\u2019un apr\\u00e8s l\\u2019autre, votre m\\u00e9decin emploiera volontiers le terme de ligne de chimioth\\u00e9rapie.Vous aurez une consultation avant chaque cure avec votre m\\u00e9decin qui vous permettra de lui expliquer si vous avez ou non bien support\\u00e9 le traitement.\"}},{\"@type\":\"Question\",\"name\":\"Comment vais-je recevoir ma cure de chimioth\\u00e9rapie ?\",\"acceptedAnswer\":{\"@type\":\"Answer\",\"text\":\"La chimioth\\u00e9rapie se pr\\u00e9sente le plus souvent sous forme de\\u00a0m\\u00e9dicaments qui s\\u2019administrent par perfusion goutte-\\u00e0-goutte dans les veines. La dur\\u00e9e des perfusions varie de quelques minutes \\u00e0 plusieurs heures. Dans certains cas, il s\\u2019agit de perfusion continue sur un ou plusieurs jours qui peut \\u00eatre r\\u00e9alis\\u00e9e \\u00e0 domicile.La chimioth\\u00e9rapie peut aussi vous \\u00eatre administr\\u00e9e par voie orale.\"}},{\"@type\":\"Question\",\"name\":\"Qu\\u2019est-ce qu\\u2019une chambre implantable ou cath\\u00e9ter veineux ?\",\"acceptedAnswer\":{\"@type\":\"Answer\",\"text\":\"Autres appellations : Cath\\u00e9ter veineux, PAC (Port A Cath\\u00ae), ou encore CAV (cath\\u00e9ter d\\u2019acc\\u00e8s veineux)Les m\\u00e9dicaments qui s\\u2019injectent par voie intraveineuse peuvent ab\\u00eemer les veines de votre bras et provoquer une inflammation locale (douleur, rougeur, picotement). Certains m\\u00e9dicaments peuvent \\u00eatre toxiques pour les tissus lorsqu\\u2019ils diffusent \\u00e0 c\\u00f4t\\u00e9 de la veine.C\\u2019est pourquoi il vous sera souvent propos\\u00e9 la pose d\\u2019une chambre implantable.Gr\\u00e2ce \\u00e0 la chambre implantable, votre confort est am\\u00e9lior\\u00e9 et la chimioth\\u00e9rapie est administr\\u00e9e en toute s\\u00e9curit\\u00e9.Une chambre implantable est compos\\u00e9e :D\\u2019un petit bo\\u00eetier d\\u2019environ 2 centim\\u00e8tres de diam\\u00e8tre recouvert par une membrane soupleD\\u2019un cath\\u00e9ter (tuyau fin et souple) reli\\u00e9 d\\u2019un c\\u00f4t\\u00e9 au bo\\u00eetierComment fonctionne la chambre implantable ?A chaque s\\u00e9ance de chimioth\\u00e9rapie, l\\u2019infirmi\\u00e8re pourra piquer facilement dans le bo\\u00eetier \\u00e0 travers la peau. Ce geste n\\u2019est pas douloureux mais en cas d\\u2019inconfort vous pouvez demander \\u00e0 votre m\\u00e9decin de vous prescrire un patch anesth\\u00e9siant que vous poserez sur la peau au niveau du bo\\u00eetier 1 heure avant la perfusion.Lorsque le traitement est termin\\u00e9, l\\u2019aiguille est retir\\u00e9 et un pansement est pos\\u00e9 au niveau de la peau et doit \\u00eatre gard\\u00e9 au maximum 24 heures.O\\u00f9 est plac\\u00e9e la chambre implantable ?La pose de la chambre implantable est un geste st\\u00e9rile r\\u00e9alis\\u00e9 au bloc op\\u00e9ratoire sous anesth\\u00e9sie locale. Sa dur\\u00e9e ne d\\u00e9passant pas g\\u00e9n\\u00e9ralement 30 min, elle ne n\\u00e9cessite pas d\\u2019hospitalisation.Le r\\u00e9servoir est implant\\u00e9 juste sous la peau et l\\u2019extr\\u00e9mit\\u00e9 du cath\\u00e9ter est ins\\u00e9r\\u00e9e dans un gros vaisseau sanguin.La chambre implantable est g\\u00e9n\\u00e9ralement implant\\u00e9e dans la r\\u00e9gion du thorax, le plus souvent \\u00e0 droite sauf dans certains cas bien pr\\u00e9cis.Avant la pose de la chambre implantable, vous devez absolument dire au m\\u00e9decin :Si vous \\u00eates allergique \\u00e0 un produit anesth\\u00e9sique ou \\u00e0 l\\u2019iodeSi vous prenez un traitement anti-coagulant ou de l\\u2019aspirine\\u00a0En savoir plus sur la chambre implantable\"}},{\"@type\":\"Question\",\"name\":\"Les effets secondaires\",\"acceptedAnswer\":{\"@type\":\"Answer\",\"text\":\"Les effets secondaires de la chimioth\\u00e9rapie sont tr\\u00e8s variables puisqu\\u2019ils d\\u00e9pendent essentiellement du type de chimioth\\u00e9rapie administr\\u00e9e, et pour une m\\u00eame chimioth\\u00e9rapie, peuvent \\u00eatre assez variables en fonction des patients.Le site e-cancer.fr fournit de tr\\u00e8s bonnes fiches r\\u00e9sum\\u00e9es des effets secondaires possibles en fonction des diff\\u00e9rentes chimioth\\u00e9rapies employ\\u00e9es.\"}}]}<\/script>\n\t\t\t\t\t\t\t<\/div>\n\t\t\t\t<\/div>\n\t\t\t\t<\/div>\n\t\t<div class=\"elementor-element elementor-element-83948d7 e-con-full e-flex e-con e-child\" data-id=\"83948d7\" data-element_type=\"container\" data-settings=\"{&quot;sticky&quot;:&quot;top&quot;,&quot;sticky_on&quot;:[&quot;desktop&quot;],&quot;sticky_parent&quot;:&quot;yes&quot;,&quot;sticky_offset&quot;:0,&quot;sticky_effects_offset&quot;:0,&quot;sticky_anchor_link_offset&quot;:0}\">\n\t\t<div class=\"elementor-element elementor-element-dc948d1 e-con-full e-flex e-con e-child\" data-id=\"dc948d1\" data-element_type=\"container\" data-settings=\"{&quot;background_background&quot;:&quot;classic&quot;}\">\n\t\t\t\t<div class=\"elementor-element elementor-element-a2a94d5 elementor-view-stacked elementor-shape-square adresses elementor-position-block-start elementor-mobile-position-block-start elementor-widget elementor-widget-icon-box\" data-id=\"a2a94d5\" data-element_type=\"widget\" data-widget_type=\"icon-box.default\">\n\t\t\t\t<div class=\"elementor-widget-container\">\n\t\t\t\t\t\t\t<div class=\"elementor-icon-box-wrapper\">\n\n\t\t\t\t\t\t<div class=\"elementor-icon-box-icon\">\n\t\t\t\t<span  class=\"elementor-icon\">\n\t\t\t\t<svg aria-hidden=\"true\" class=\"e-font-icon-svg e-fas-comments\" viewBox=\"0 0 576 512\" xmlns=\"http:\/\/www.w3.org\/2000\/svg\"><path d=\"M416 192c0-88.4-93.1-160-208-160S0 103.6 0 192c0 34.3 14.1 65.9 38 92-13.4 30.2-35.5 54.2-35.8 54.5-2.2 2.3-2.8 5.7-1.5 8.7S4.8 352 8 352c36.6 0 66.9-12.3 88.7-25 32.2 15.7 70.3 25 111.3 25 114.9 0 208-71.6 208-160zm122 220c23.9-26 38-57.7 38-92 0-66.9-53.5-124.2-129.3-148.1.9 6.6 1.3 13.3 1.3 20.1 0 105.9-107.7 192-240 192-10.8 0-21.3-.8-31.7-1.9C207.8 439.6 281.8 480 368 480c41 0 79.1-9.2 111.3-25 21.8 12.7 52.1 25 88.7 25 3.2 0 6.1-1.9 7.3-4.8 1.3-2.9.7-6.3-1.5-8.7-.3-.3-22.4-24.2-35.8-54.5z\"><\/path><\/svg>\t\t\t\t<\/span>\n\t\t\t<\/div>\n\t\t\t\n\t\t\t\t\t\t<div class=\"elementor-icon-box-content\">\n\n\t\t\t\t\t\t\t\t\t<h2 class=\"elementor-icon-box-title\">\n\t\t\t\t\t\t<span  >\n\t\t\t\t\t\t\tPrendre rendez-vous\t\t\t\t\t\t<\/span>\n\t\t\t\t\t<\/h2>\n\t\t\t\t\n\t\t\t\t\t\t\t\t\t<p class=\"elementor-icon-box-description\">\n\t\t\t\t\t\t<div>\n<h3>CRTT  Meudon <\/h3>\nT\u00e9l\u00e9phone : 01.85.32.15.12<br>\nMail :rtt.crtt@gmail.com <br> <br> \n<strong>Clinique de Meudon <\/strong><br>\n3-5-7 Avenue de Villacoublay <br>\n92360 Meudon-La-For\u00eat\n<\/div>\n\n<div style=\"margin-top: 2em\">\n<h3>CRTT Versailles<\/h3>\nT\u00e9l\u00e9phone : 01 30 83 16 15<br>\nMail : secretariat.rxth@gmail.com <br> <br> \n<strong>Clinique des Franciscaines <br>\nH\u00f4pital Priv\u00e9 de Versailles <br><\/strong>\n7 bis B rue de la porte de Buc <br>\n78000 Versailles <\/div>\t\t\t\t\t<\/p>\n\t\t\t\t\n\t\t\t<\/div>\n\t\t\t\n\t\t<\/div>\n\t\t\t\t\t\t<\/div>\n\t\t\t\t<\/div>\n\t\t\t\t<\/div>\n\t\t\t\t<\/div>\n\t\t\t\t<\/div>\n\t\t\t\t<\/div>\n\t\t","protected":false},"excerpt":{"rendered":"<p>Informations sur la Chimioth\u00e9rapie Les s\u00e9ances de chimioth\u00e9rapie ont lieu \u00e0 la clinique de Meudon Qu\u2019est-ce qu\u2019une cure de chimioth\u00e9rapie ? Un protocole de chimioth\u00e9rapie est administr\u00e9 par s\u00e9ances ou cures espac\u00e9es dans le temps, dont le nombre et la fr\u00e9quence sont variables selon votre situation m\u00e9dicale. Les s\u00e9ances de chimioth\u00e9rapie sont en g\u00e9n\u00e9ral espac\u00e9es [&hellip;]<\/p>\n","protected":false},"author":1,"featured_media":46,"parent":0,"menu_order":0,"comment_status":"closed","ping_status":"closed","template":"","meta":{"footnotes":""},"class_list":["post-45","page","type-page","status-publish","has-post-thumbnail","hentry"],"_links":{"self":[{"href":"https:\/\/crtt.net\/cancerologie\/wp-json\/wp\/v2\/pages\/45","targetHints":{"allow":["GET"]}}],"collection":[{"href":"https:\/\/crtt.net\/cancerologie\/wp-json\/wp\/v2\/pages"}],"about":[{"href":"https:\/\/crtt.net\/cancerologie\/wp-json\/wp\/v2\/types\/page"}],"author":[{"embeddable":true,"href":"https:\/\/crtt.net\/cancerologie\/wp-json\/wp\/v2\/users\/1"}],"replies":[{"embeddable":true,"href":"https:\/\/crtt.net\/cancerologie\/wp-json\/wp\/v2\/comments?post=45"}],"version-history":[{"count":34,"href":"https:\/\/crtt.net\/cancerologie\/wp-json\/wp\/v2\/pages\/45\/revisions"}],"predecessor-version":[{"id":3343,"href":"https:\/\/crtt.net\/cancerologie\/wp-json\/wp\/v2\/pages\/45\/revisions\/3343"}],"wp:featuredmedia":[{"embeddable":true,"href":"https:\/\/crtt.net\/cancerologie\/wp-json\/wp\/v2\/media\/46"}],"wp:attachment":[{"href":"https:\/\/crtt.net\/cancerologie\/wp-json\/wp\/v2\/media?parent=45"}],"curies":[{"name":"wp","href":"https:\/\/api.w.org\/{rel}","templated":true}]}}