{"id":1891,"date":"2009-01-27T21:00:00","date_gmt":"2009-01-27T21:00:00","guid":{"rendered":"http:\/\/michelongas.com\/curietherapie\/"},"modified":"2009-01-27T21:00:00","modified_gmt":"2009-01-27T21:00:00","slug":"curietherapie","status":"publish","type":"page","link":"https:\/\/crtt.net\/cancerologie\/curietherapie\/","title":{"rendered":"Curieth\u00e9rapie"},"content":{"rendered":"<p>Vous allez \u00eatre soign\u00e9(e) par curieth\u00e9rapie. Ces informations vous permettront de mieux comprendre votre traitement.<\/p>\n<p><strong>Qu&rsquo;est-ce que la curieth\u00e9rapie ?<\/strong><br \/>\nUtilis\u00e9e seule ou en compl\u00e9ment d&rsquo;une radioth\u00e9rapie externe, la curieth\u00e9rapie n\u00e9cessite l&#8217;emploi de sources radioactives plac\u00e9es au contact de la l\u00e9sion ou de la r\u00e9gion \u00e0 traiter.<br \/>\nSelon le si\u00e8ge initial de la tumeur, l&rsquo;application sera faite sous anesth\u00e9sie locale ou plus g\u00e9n\u00e9ralement sous anesth\u00e9sie g\u00e9n\u00e9rale.<br \/>\nSelon la technique, l&rsquo;application se fera en ambulatoire ou en hospitalisation compl\u00e8te.<\/p>\n<p><strong>La technique<\/strong><br \/>\nPour les curieth\u00e9rapies gyn\u00e9cologiques, le moule vaginal adapt\u00e9 aura pr\u00e9alablement \u00e9t\u00e9 ex\u00e9cut\u00e9. Lors dune curieth\u00e9rapie ut\u00e9ro-vaginale, l&rsquo;hospitalisation sera compl\u00e8te.<br \/>\nLe moule sera mis en place sous anesth\u00e9sie g\u00e9n\u00e9rale accompagn\u00e9 des sources radioactives n\u00e9cessaires.<br \/>\nPour les curieth\u00e9rapies vaginales, elles seront le plus souvent r\u00e9alis\u00e9es en ambulatoire \u00e0 raison d&rsquo;une s\u00e9ance par semaine pendant 2 \u00e0 4 semaines en fonction des traitements ant\u00e9rieurs. Cette technique s&rsquo;appelle la curieth\u00e9rapie haut d\u00e9bit de dose (ou CHDD).<\/p>\n<p><strong>En hospitalisation compl\u00e8te<\/strong><br \/>\nPr\u00e9alablement \u00e0 l&rsquo;hospitalisation, vous aurez \u00e9t\u00e9 convoqu\u00e9e pour une consultation de curieth\u00e9rapie avec prise d&#8217;empreinte vaginale en vue de la confection de votre moule personnalis\u00e9. Si votre curieth\u00e9rapie doit se faire sous anesth\u00e9sie g\u00e9n\u00e9rale, la consultation d&rsquo;anesth\u00e9sie aura lieu le m\u00eame jour, en moyenne deux \u00e0 dix jours avant votre hospitalisation.<\/p>\n<p>Vous serez hospitalis\u00e9(e) \u00e0 l&rsquo;Institut Gustave Roussy, dans le service de curieth\u00e9rapie o\u00f9 travaille le Docteur Erick Chirat.<\/p>\n<p>Votre traitement est personnalis\u00e9, adapt\u00e9 \u00e0 votre cas. Vous ne pourrez donc \u00eatre pr\u00e9venu(e) de la dur\u00e9e exacte de votre hospitalisation que le lendemain de la pose des fils radioactifs, le physicien du centre devant calculer par ordinateur, apr\u00e8s contr\u00f4le radiographique, le temps d&rsquo;application.<br \/>\nL&rsquo;ablation du moule vaginal ou des tubes ne n\u00e9cessitent pas de nouvelle anesth\u00e9sie. La curieth\u00e9rapie est un traitement non douloureux mais parfois inconfortable. L&rsquo;\u00e9quipe m\u00e9dicale et param\u00e9dicale sera l\u00e0 pour vous assurer le meilleur confort et r\u00e9pondre \u00e0 vos besoins pendant l&rsquo;hospitalisation.<br \/>\nLa sortie de l&rsquo;Institut se fera le jour ou le lendemain de la fin de la curieth\u00e9rapie selon le type d&rsquo;application.<\/p>\n<p>En aucun cas, vous-m\u00eame ou vos affaires personnelles ne deviendront radioactives. Pendant l&rsquo;ensemble de la dur\u00e9e de la curieth\u00e9rapie, vous ne devez pas sortir de votre chambre.<\/p>\n<p><strong>Visites<\/strong><br \/>\nLes visites de vos proches devront \u00eatre limit\u00e9es et courtes, leur dur\u00e9e totale ne devant pas exc\u00e9der 30 minutes par jour.<\/p>\n<p>En cas de curieth\u00e9rapie gyn\u00e9cologique, le traitement sera interrompu pendant les visites, ce qui pourra prolonger votre temps d&rsquo;hospitalisation.<br \/>\nDans les autres cas, les visiteurs devront se tenir dans la chambre, derri\u00e8re un paravent plomb\u00e9.<\/p>\n<p>Les femmes enceintes et les enfants ne sont pas autoris\u00e9s \u00e0 venir.<\/p>\n<p><strong>A la sortie de l&rsquo;Institut Gustave Roussy<\/strong><\/p>\n<p>Il vous sera remis :<\/p>\n<ul>\n<li>Une ordonnance pr\u00e9cisant les soins locaux \u00e0 poursuivre \u00e0 domicile<\/li>\n<li>Un rendez-vous de consultation avec votre m\u00e9decin radioth\u00e9rapeute (Dr Erick Chirat, Dr Anne Thiellet, Dr Laurence Vitu-Loas) au CRTT<\/li>\n<\/ul>\n<p>Votre m\u00e9decin traitant recevra un compte rendu d&rsquo;hospitalisation dans les jours suivant votre sortie.<\/p>\n<p><strong>En ambulatoire<\/strong><br \/>\nVous serez convoqu\u00e9(e) une heure avant votre application pour proc\u00e9der \u00e0 la pr\u00e9m\u00e9dication, une salle vous sera attribu\u00e9e pour vous d\u00e9shabiller et rev\u00eatir une blouse.<\/p>\n<p>Vous serez ensuite transf\u00e9r\u00e9(e) au bloc de curieth\u00e9rapie pour la r\u00e9alisation de l&rsquo;application, en cas de curieth\u00e9rapie gyn\u00e9cologique, une sonde urinaire sera mise en place.<\/p>\n<p>Une fois le moule vaginal pos\u00e9, une sonde rectale sera mise en place le temps de pratiquer des radiographies face et profil qui serviront \u00e0 la r\u00e9alisation de la dosim\u00e9trie informatis\u00e9e qui permet de d\u00e9terminer le temps exact d&rsquo;application des sources radioactives dans le moule.<\/p>\n<p>Vous serez ensuite transf\u00e9r\u00e9(e) dans la salle de traitement, les gaines sortant du moule vaginal seront connect\u00e9es au projecteur de source. D\u00e8s les calculs dosim\u00e9triques valid\u00e9s, votre traitement d\u00e9butera et durera 5 \u00e0 10 minutes.<\/p>\n<p>D\u00e8s la fin de la s\u00e9ance, vous serez transf\u00e9r\u00e9(e) en brancard dans la salle o\u00f9 vous vous \u00eates d\u00e9shabill\u00e9(e) \u00e0 l&rsquo;arriv\u00e9e, pour ablation de la sonde urinaire et du moule vaginal. Une ordonnance de lavages vaginaux vous sera remise ainsi que la convocation pour votre prochain rendez-vous.<\/p>\n<p><strong>N&rsquo;h\u00e9sitez pas \u00e0 vous informer. <a title=\"Contacter le docteur Erick Chirat\" href=\"https:\/\/crtt.net\/cancerologie\/prendre-rendez-vous\/\">Nous sommes l\u00e0 pour r\u00e9pondre \u00e0 vos questions<\/a>.<\/strong><\/p>\n","protected":false},"excerpt":{"rendered":"<p>Vous allez \u00eatre soign\u00e9(e) par curieth\u00e9rapie. Ces informations vous permettront de mieux comprendre votre traitement. Qu&rsquo;est-ce que la curieth\u00e9rapie ? Utilis\u00e9e seule ou en compl\u00e9ment d&rsquo;une radioth\u00e9rapie externe, la curieth\u00e9rapie n\u00e9cessite l&#8217;emploi de sources radioactives plac\u00e9es au contact de la l\u00e9sion ou de la r\u00e9gion \u00e0 traiter. Selon le si\u00e8ge initial de la tumeur, l&rsquo;application [&hellip;]<\/p>\n","protected":false},"author":1,"featured_media":0,"parent":0,"menu_order":7,"comment_status":"closed","ping_status":"open","template":"","meta":{"footnotes":""},"class_list":["post-1891","page","type-page","status-publish","hentry"],"_links":{"self":[{"href":"https:\/\/crtt.net\/cancerologie\/wp-json\/wp\/v2\/pages\/1891","targetHints":{"allow":["GET"]}}],"collection":[{"href":"https:\/\/crtt.net\/cancerologie\/wp-json\/wp\/v2\/pages"}],"about":[{"href":"https:\/\/crtt.net\/cancerologie\/wp-json\/wp\/v2\/types\/page"}],"author":[{"embeddable":true,"href":"https:\/\/crtt.net\/cancerologie\/wp-json\/wp\/v2\/users\/1"}],"replies":[{"embeddable":true,"href":"https:\/\/crtt.net\/cancerologie\/wp-json\/wp\/v2\/comments?post=1891"}],"version-history":[{"count":0,"href":"https:\/\/crtt.net\/cancerologie\/wp-json\/wp\/v2\/pages\/1891\/revisions"}],"wp:attachment":[{"href":"https:\/\/crtt.net\/cancerologie\/wp-json\/wp\/v2\/media?parent=1891"}],"curies":[{"name":"wp","href":"https:\/\/api.w.org\/{rel}","templated":true}]}}